 -f**5/20 + 5*f**4/6 + 5*f**3/6 - 5*f**2/2 - 8*f. What are the prime factors of x(10)?
3, 5
Suppose -9*u + 4*u + 265 = 0. List the prime factors of u.
53
Let d be 2/3*(2 + 1). Suppose -2*o + 8 - d = 0. Suppose -r - 4*f + 2 = -6*f, o*r = -3*f + 42. List the prime factors of r.
2, 5
Let p be (-1)/(-3)*(2 - 2). Suppose -2*l = -p*l - 8, 3*l = -4*c + 104. List the prime factors of c.
23
Suppose -3*i = 5*s - i - 110, -s - 4*i + 40 = 0. List the prime factors of s.
2, 5
Let l(y) = y**3 + 8*y**2 - y - 6. Let m(c) be the second derivative of c**3/6 - 2*c**2 + 3*c. Let o be m(-4). List the prime factors of l(o).
2
What are the prime factors of (24/18)/((-2)/(-69))?
2, 23
Let m = 46 - -92. What are the prime factors of m?
2, 3, 23
What are the prime factors of (28/42)/((-4)/(-222))?
37
Let g(z) = z - 1. Let h(l) = 2*l. Let u(y) = -3*g(y) + h(y). Let p be u(4). What are the prime factors of ((-6)/p + 2)/2?
2
Let f be (1 + -4)*(-1)/3. Suppose -j = -2 - f. Suppose -j*p = -5 - 7. What are the prime factors of p?
2
Suppose 3*t - 30 = -0*t. What are the prime factors of t?
2, 5
Let y = -10 - -19. Suppose -y*p + 4*p + 100 = 0. List the prime factors of p.
2, 5
Let n(j) = j - 1. Let m(h) = 9*h - 7. Let w(a) = m(a) - 3*n(a). List the prime factors of w(6).
2
Let z be 30/50 - 74/(-10). Let m(p) = -p**3 + 8*p**2 + 3*p - 11. What are the prime factors of m(z)?
13
Suppose 2*m - 675 = 7*r - 4*r, -3*m = -r - 1030. What are the prime factors of m?
3, 5, 23
Suppose -4*k + 333 = -431. What are the prime factors of k?
191
Let h be 0 - -4 - (-2)/(-1). Let u(o) = 1 + 6*o - 6 - o**h - 6*o**2 - o**3. What are the prime factors of u(-8)?
11
Let v be 3*(-1)/(3/266). List the prime factors of v/(-18) - 4/(-18).
3, 5
Suppose -4*a = -4*j + 5 + 15, 5*j - 3*a = 19. Let i be 3 + j*(-1)/(-2). Suppose -k + 2*k = -m + i, 4*k = 3*m - 26. List the prime factors of m.
2, 3
Suppose 66 = 16*p - 14*p. List the prime factors of p.
3, 11
Let x(d) = 3*d - 2*d + 10*d**2 - d**3 - 6*d - 11. Let a be x(9). Suppose -y + 3*y + 5*p = a, -5*y + 3*p = -16. What are the prime factors of y?
5
Suppose -3*b - 17 - 36 = 4*o, -5*b + 5*o = 65. List the prime factors of ((-8)/(-6))/((-2)/b).
2, 5
Let o = -39 - -116. List the prime factors of o.
7, 11
Suppose z - 5 - 5 = 0. Let h = 20 - z. List the prime factors of h.
2, 5
Let n = 9 - 5. List the prime factors of 51/n - (-2)/8.
13
Suppose 3*y - 38 - 124 = 0. Suppose -z = 2*z - y. What are the prime factors of z?
2, 3
Let h = 17 - 15. Suppose h*i = -2*i + 3*z + 107, 15 = 5*z. List the prime factors of i.
29
List the prime factors of 26*3/(-6)*-2.
2, 13
Let b(s) = s**3 - 10*s**2 + s - 6. Let c be b(10). Suppose 5*q = -c*w + 13, 0*w - q = -5*w + 9. List the prime factors of w.
2
Suppose -7*m + 4*m + 729 = 0. What are the prime factors of m?
3
Let u(v) = 15*v + 8. List the prime factors of u(10).
2, 79
Suppose 5*n - 70 = -c, -3*c + 2*n - 5*n = -246. What are the prime factors of c?
5, 17
Let t = -5 + 10. Suppose -t*y + 4*y + 15 = 0. List the prime factors of y.
3, 5
Suppose 3*x = -j + 51, -x + 15 = 4*j - 3*j. List the prime factors of x.
2, 3
Let v(b) = -b**2 + 8*b + 5. Let k be v(8). Let c = k - 4. Suppose c = -2*i - 9, r = 5*i + 35. What are the prime factors of r?
2, 5
Let u(o) = -o**3 - 8*o**2 + 15*o + 1. List the prime factors of u(-11).
199
Let i(o) = 5*o**2 - 2*o + 4. Let s(h) = -h**2 - 11*h + 15. Let x be s(-12). What are the prime factors of i(x)?
43
Let s = -14 + 14. Suppose s*t + 5*z + 92 = 4*t, -4*z + 115 = 5*t. List the prime factors of t.
23
Let x = -6 + 1. Let b = 9 + x. List the prime factors of b.
2
Let b be ((-38)/5)/((-8)/80). Suppose -v = 3*v - b. List the prime factors of v.
19
Suppose 2*n - 799 = -9*j + 4*j, 5*j = 4*n + 817. What are the prime factors of j?
7, 23
List the prime factors of (-2)/(262/(-86) - 24/(-8)).
43
Let r = 13 + -8. Suppose 2*i - r*p - 17 = 0, -7*i = -3*i + p - 23. What are the prime factors of i?
2, 3
Let z be ((-1)/(-2))/(2/(-16)). Let y be (-20)/(-9) + 2/(-9). What are the prime factors of (z/6)/(y/(-36))?
2, 3
Let j(c) = c**3 - 2*c**2 + c - 16. List the prime factors of j(7).
2, 59
Suppose -5*y = 5*d + 15, -2 = 4*d + 2*y - 0. Suppose 0*q - 5*q + 70 = 0. Suppose -p = t - q, d*t = -4*p + 12 + 36. List the prime factors of p.
2, 5
Let u = 17 - 9. Let r(m) = m - 2. Let p(s) = -4*s + 5. Let h(t) = u*r(t) + 3*p(t). List the prime factors of h(-3).
11
Let q(m) = -m**3 + 6*m**2 - 2*m + 6. Let t be q(6). Let s be t/24 + 26/8. List the prime factors of (-32)/6*s*-1.
2
Suppose 0 = -5*b - 10, -z + 21*b + 345 = 16*b. What are the prime factors of z?
5, 67
Suppose s - u - 4*u + 9 = 0, -4*s + 2*u = 0. Let z be -1*s - (-16)/4. List the prime factors of 51*(0 + 1/z).
17
What are the prime factors of (16 - 14)/((-2)/(-268))?
2, 67
Suppose -4*y + 18 = 2. Suppose -y*x = -6*x + 36. Suppose x = b + b. What are the prime factors of b?
3
Let a(v) = -10*v**3 - 12*v**2 - v + 15. Let w(u) = -7*u**3 - 8*u**2 - u + 10. Let k(r) = -5*a(r) + 7*w(r). What are the prime factors of k(-4)?
3
Suppose 27 = c + 8. What are the prime factors of c?
19
Let m be 6/(-9)*(-9)/1. Suppose 0 = -4*z + 4*y, -2*z + m - 4 = -y. What are the prime factors of z?
2
Let v(p) = -7*p - 11. Let m be v(-11). Suppose 2*i = -i + m. Suppose i + 38 = 5*r. List the prime factors of r.
2, 3
Suppose -3*n + u + 36 = -7*n, -2*u - 8 = 0. List the prime factors of (4/n)/(2/(-56)).
2, 7
Let r(x) = x**3 - 4*x**2 + 4*x - 1. Let i be r(3). Suppose 0 = -0*u - i*u + 70. Suppose 0 = 5*w - 20 - u. What are the prime factors of w?
11
Suppose -5*g - s - s = -25, -5*g + 2*s = -25. List the prime factors of g.
5
List the prime factors of (-3 - (4 - 7)) + 3.
3
Let b be (86/3)/((-10)/15). Let x = -23 - b. List the prime factors of x.
2, 5
Suppose -6*h - 10 = -2*h + 2*k, 0 = -2*h - 2*k - 6. Let c be (4 - 3)/(2/h). What are the prime factors of ((-11)/(-2))/(c/(-2))?
11
Suppose k + 2 = 9. Suppose 5*z - k = t, t + 2*t = 4*z - 43. Let o = -8 - t. What are the prime factors of o?
3
Let l(p) = p + 8. Let j be l(-6). Suppose -4 = j*t - 3*t. List the prime factors of t.
2
Let l = 69 - 32. What are the prime factors of l?
37
Let t = -65 - -92. What are the prime factors of t?
3
Let n = -39 - -51. List the prime factors of n.
2, 3
Let h(d) = d**2 - 7*d + 13. List the prime factors of h(5).
3
Let f(t) be the second derivative of t**6/180 - t**4/12 + t**3/3 + t. Let l(v) be the second derivative of f(v). What are the prime factors of l(2)?
2, 3
Suppose -4*o + 12 = -2*k, 2*k + 10 = -3*k. Let p(t) = -t**2 + 4*t - 3. Let l be p(o). What are the prime factors of (l - -1) + (8 - 2)?
2
Suppose -54*o = -51*o - 345. List the prime factors of o.
5, 23
Suppose 2*j = -0*z - 5*z - 15, 4*z + 2*j = -10. Let f = z - -22. What are the prime factors of f?
17
Suppose 3*x - 2*j - 91 - 46 = 0, -229 = -5*x + 4*j. What are the prime factors of x?
3, 5
Suppose 2*y = -3*x + 10, -2*y = 4*x - 9*x - 10. Suppose -y*o = -4*u - 97, -60 = -o - 2*o + 3*u. What are the prime factors of o?
17
Let s(w) = -2*w - 1. Let v(g) = -g - 13. Let k be v(-9). What are the prime factors of s(k)?
7
Let y be (-3 - -1)*(2 - 4). Suppose y*g - 25 + 8 = 3*m, 0 = 3*g - 3*m - 12. Suppose 0 = g*b - 4*i + 3*i - 23, 5*b = -i + 17. What are the prime factors of b?
2
Suppose 0*k = -k + 2. Suppose -4*h = 4*v - 108, -44 = -k*v - 3*h + 15. What are the prime factors of v?
2, 11
Let p(t) = -t**2 + 10*t. List the prime factors of p(6).
2, 3
Let k(w) = 2*w**3 - 3*w**2 - w + 2. Let b be k(2). Let i(p) = 6 - 5*p - b*p**2 + p + 5*p**2. What are the prime factors of i(5)?
11
Suppose -2*c + 3*d - 2 = 0, -2*d + 10 = 3*d. Suppose c*m - 20 = -4*q, 0 = -5*m + q + 58 - 19. What are the prime factors of m?
2
Let m be -10 + 3 + 3 + 0. Let q be -2*(6/m)/1. Suppose -q = -4*d + 33. List the prime factors of d.
3
Suppose 9*h - 7*h - 52 = 0. List the prime factors of h.
2, 13
Let y = 20 - -25. Suppose -w + 18 = -y. Suppose -15 = 4*g - w. What are the prime factors of g?
2, 3
Let r = 82 + -47. What are the prime factors of r?
5, 7
Suppose 0 = -z + 5*a + 17, a + 2 = z - 3. Let o = z - -10. What are the prime factors of o?
2, 3
Suppose -4*a - 16 = -8*a. Suppose 0 = -v + a*v - 63. What are the prime factors of v?
3, 7
Let x(h) = 2*h - 4. What are the prime factors of x(12)?
2, 5
Suppose -3*h + 20